2).
6
Let h(p) = -9*p**2 + 2*p. Determine h(1).
-7
Let z(u) = -24*u - 131. Determine z(-5).
-11
Let j(o) = o + 4. Give j(2).
6
Let t(s) = -37*s + 2. What is t(1)?
-35
Let d(b) = -b**2 - 18*b + 12. Determine d(-19).
-7
Let f(m) = m**2 + 31*m + 221. What is f(-12)?
-7
Let c(g) = 7*g**3 + 3*g**2 - g - 1. Calculate c(1).
8
Let z(q) = 4*q - 58. Give z(12).
-10
Let h(q) = q + 11. Determine h(-5).
6
Let x(q) = -19*q + 279. What is x(18)?
-63
Let d(q) = -q**3 + 4*q**2 + 2*q - 7. Calculate d(5).
-22
Let q(l) = -2*l + 5. Calculate q(0).
5
Let b(v) = v**2 + v + 9. Determine b(0).
9
Let r(j) = -j**2 + 9*j - 23. Give r(15).
-113
Let p(j) = 2*j**3 + 19*j**2 - 2*j - 88. Calculate p(-9).
11
Let f(y) = -3*y**2 - 3*y. Calculate f(-1).
0
Let t(l) = -3*l**2 - 31*l - 22. Determine t(-7).
48
Let m(r) = -r**2 + 4*r + 12. Calculate m(6).
0
Let d(u) = 4*u - 21. Give d(6).
3
Let k(l) = -2*l**3 - 21*l**2 + 10*l - 10. Calculate k(-11).
1
Let a(w) = 47*w + 96. What is a(-2)?
2
Let m(l) = 2*l**2 + 44*l + 203. Calculate m(-7).
-7
Let d(l) = 69*l + 1. Determine d(-1).
-68
Let i(s) = 7*s + 19. Calculate i(-2).
5
Let m(l) = -l**3 + l**2 + 2*l + 3. Give m(0).
3
Let a(i) = -9*i + 42. Give a(5).
-3
Let g(y) = -94*y + 3. What is g(-1)?
97
Let y(i) = -20*i - 123. Calculate y(-6).
-3
Let p(v) = -v**3 + 12*v**2 - 9*v + 1. Give p(11).
23
Let m(v) = 4*v**2 + 3*v + 2. Calculate m(-1).
3
Let i(p) = 3*p**2 - p + 2. Determine i(1).
4
Let s(i) = 5*i**2 - 5*i + 8. Calculate s(3).
38
Let i(g) = g**2 + 17*g - 97. What is i(-21)?
-13
Let j(c) = 7*c**2 - 6*c - 15. Calculate j(-3).
66
Let q(t) = -2*t**3 - t**2 + t - 6. Determine q(-2).
4
Let b(s) = s**2 - 2*s - 279. Give b(-16).
9
Let l(f) = 5*f + 59. Give l(-22).
-51
Let y(p) = p**3 - 6*p**2 - p + 3. What is y(2)?
-15
Let k(t) = -t**3 + 8*t**2 - 13. Calculate k(8).
-13
Let z(a) = 5*a**3 - a**2 - a. Determine z(1).
3
Let n(t) = -9*t - 14. Determine n(-2).
4
Let s(j) = 65*j - 1437. Calculate s(22).
-7
Let l(z) = z**3 - 5*z**2 + 9. Determine l(4).
-7
Let b(s) = -14*s - 91. Give b(-6).
-7
Let v(k) = k**3 - 7*k**2 - 5*k + 7. Determine v(8).
31
Let o(q) = -11*q**2 - 15*q + 1. Determine o(1).
-25
Let a(p) = -p**3 + 2*p**2 + 3*p + 3. Give a(-3).
39
Let d(h) = 10*h - 27. What is d(14)?
113
Let j(i) = i**3 + 7*i**2 + 7*i + 5. Give j(-6).
-1
Let g(r) = r**2 - 16*r + 29. Give g(14).
1
Let k(m) = 3*m**2 - 35*m + 4. Determine k(11).
-18
Let m(r) = -2*r - 1. What is m(0)?
-1
Let c(j) = -j**3 - 12*j**2 - 29*j - 31. Calculate c(-9).
-13
Let c(b) = b**3 + 3*b**2 - 13*b - 13. What is c(-5)?
2
Let s(k) = -2*k - 32. Determine s(-16).
0
Let v(g) = 77*g**2 + 2*g + 3. Give v(-1).
78
Let k(v) = v**2 - 34. Calculate k(-17).
255
Let r(w) = w**2 - 9*w + 12. Calculate r(9).
12
Let h(o) = o**3 - 3*o**2 - o - 5. Determine h(3).
-8
Let k(w) = -5*w + 75. Give k(10).
25
Let s(x) = -x**3 - 3*x**2 - 6*x + 4. Determine s(-3).
22
Let r(y) = 4*y**3 - 4*y**2 - y. Give r(3).
69
Let q(n) = n**3 + n**2 - n - 5. Determine q(2).
5
Let j(s) = -s**3 - 33*s**2 + 32*s - 59. Determine j(-34).
9
Let m(c) = c**2 - 5*c - 7. Calculate m(-6).
59
Let t(k) = k**3 - 15*k**2 + 8. Give t(15).
8
Let h(l) = 5*l + 5. Calculate h(0).
5
Let g(a) = 2*a**2 + 33*a - 11. Give g(-18).
43
Let j(l) = -9*l**3 - 3*l**2 + 6*l. Give j(2).
-72
Let s(u) = -u**3 - 12*u**2 + 14*u - 14. Determine s(-13).
-27
Let k(g) = -g**2 + 23*g - 21. What is k(21)?
21
Let w(p) = 19*p - 98. Determine w(6).
16
Let r(h) = -h**3 + 10*h**2 - 17*h + 19. What is r(8)?
11
Let u(j) = -j**2 - 13*j - 15. Determine u(-12).
-3
Let j(d) = d**2 + 9*d + 1. What is j(-7)?
-13
Let g(o) = o**2 + 7*o - 10. What is g(-7)?
-10
Let o(q) = 4*q + 24. Determine o(-8).
-8
Let v(c) = c**3 + 2*c**2 + 2*c - 56. Give v(0).
-56
Let l(s) = -3*s + 4. Give l(5).
-11
Let u(n) = -2*n**2 + 5*n + 28. Give u(-3).
-5
Let n(w) = -w**2 - 18*w - 14. Determine n(-15).
31
Let k(g) = 2*g. What is k(-3)?
-6
Let m(k) = -11*k**3 + 4*k**2 - 4*k + 3. Calculate m(2).
-77
Let d(n) = n**3 + 9*n**2 + 7*n - 2. What is d(-8)?
6
Let d(i) = 8*i - 4. Give d(-5).
-44
Let s(u) = 2*u**3 - 2*u. Calculate s(-2).
-12
Let f(a) = 6*a + 100. Determine f(-18).
-8
Let h(x) = -x**2 - 23*x + 6. Calculate h(-21).
48
Let c(k) = k**3 - 3*k**2 - 11*k - 7. Give c(5).
-12
Let d(o) = -4*o + 9. Determine d(3).
-3
Let t(f) = f**3 - 6*f**2 - 3*f + 3. Calculate t(6).
-15
Let v(p) = 36*p + 616. What is v(-17)?
4
Let j(c) = -13*c - 57. Determine j(-4).
-5
Let l(v) = -v**3 + 10*v**2 - 11*v - 10. Determine l(9).
-28
Let k(c) = 5*c**2 + 18*c + 3. What is k(-4)?
11
Let m(b) = b**3 - 9*b**2 + 6*b - 10. What is m(8)?
-26
Let k(t) = -3*t**3 - 2*t**2 + 3*t + 9. What is k(-3)?
63
Let v(f) = -f**3 - 11*f**2 - f - 8. Determine v(-11).
3
Let d(r) = -r**3 + 5*r**2 - 2*r + 7. Determine d(5).
-3
Let m(a) = a - 4. Calculate m(-5).
-9
Let w(h) = 23*h - 490. What is w(21)?
-7
Let a(h) = h**3 + 15*h**2 - 14*h + 28. What is a(-16)?
-4
Let w(f) = -f**3 - 15*f**2 + 15*f - 14. What is w(-16)?
2
Let q(g) = -2*g**3 - 24*g**2 - 22*g + 15. Give q(-11).
15
Let y(s) = -s**3 - 14*s**2 + s + 13. Calculate y(-14).
-1
Let h(v) = -6*v - 45. Give h(-9).
9
Let k(a) = a**3 - 7*a**2 - 7*a - 16. Determine k(8).
-8
Let b(j) = j**2 + 16*j + 61. Determine b(-8).
-3
Let t(o) = 14*o - 576. Calculate t(41).
-2
Let o(z) = 42*z + 22. What is o(-4)?
-146
Let a(n) = 10*n - 297. Calculate a(30).
3
Let o(v) = 5*v - 4. Give o(2).
6
Let h(u) = 3*u + 17. Calculate h(-7).
-4
Let f(j) = 5*j + 1. Determine f(-1).
-4
Let w(s) = -s**3 + 8*s**2 - 4*s - 19. What is w(7)?
2
Let f(q) = -q**3 - 25*q**2 + 53*q - 30. Give f(-27).
-3
Let z(g) = -3*g**2 + 24*g + 1. What is z(8)?
1
Let l(t) = -106*t - 111. Give l(-1).
-5
Let m(x) = -x**2 - 40*x + 7. What is m(0)?
7
Let l(d) = d**2 + d - 235. What is l(-16)?
5
Let u(v) = -v + 52. What is u(8)?
44
Let c(h) = -h**2 - 7*h + 7. Determine c(-6).
13
Let w(z) = z**2 - 6*z + 12. What is w(5)?
7
Let x(v) = v**2 - 23*v + 17. What is x(14)?
-109
Let a(d) = -d**3 - 2*d**2 + 13*d + 29. Give a(-4).
9
Let z(w) = w + 15. Give z(10).
25
Let q(t) = t + 1. What is q(14)?
15
Let x(j) = j**3 + 15*j**2 + 20*j + 16. Give x(-13).
94
Let n(l) = 8*l + 8. What is n(-3)?
-16
Let c(x) = x**3 + 4*x**2 + 3*x. What is c(-3)?
0
Let d(p) = 2*p**2 + 6*p - 5. Determine d(-7).
51
Let m(n) = 5*n + 4. Give m(-4).
-16
Let q(s) = 38*s + 184. Give q(-5).
-6
Let y(t) = -3*t**2 - t - 1. Calculate y(-2).
-11
Let x(y) = y**2 - 11*y + 34. Give x(8).
10
Let c(j) = -4*j - 6. Calculate c(12).
-54
Let i(v) = 2*v + 51. Determine i(-28).
-5
Let l(j) = 148*j - 1478. Calculate l(10).
2
Let b(y) = 5*y - 3. Calculate b(-3).
-18
Let k(c) = c**3 - 7*c**2 - c + 7. Give k(5).
-48
Let y(z) = z + 1. Determine y(10).
11
Let x(r) = 6*r + 15. Calculate x(-6).
-21
Let l(v) = -10*v. Determine l(-1).
10
Let n(v) = -2*v**2 + 16*v - 21. Determine n(3).
9
Let m(l) = -l**2 - 9*l - 10. Give m(-4).
10
Let u(x) = x**2 + 8*x - 4. Give u(-4).
-20
Let w(c) = -2*c**3 + 19*c**2 - 42*c - 6. What is w(6)?
-6
Let i(v) = v**3 - 3*v**2 + 6*v + 2. Give i(3).
20
Let m(h) = -22*h**2 + 2*h - 4. Calculate m(2).
-88
Let z(p) = -3*p**3 + 6*p**2 - 4*p. Give z(2).
-8
Let q(h) = -h**3 - 9*h**2 - 9*h + 1. What is q(-8)?
9
Let o(y) = -50*y**2 - 2*y - 1. Give o(-1).
-49
Let z(v) = v - 6. Determine z(0).
-6
Let g(j) = -j**3 + 18*j**2 - 19*j + 11. Give g(17).
-23
Let c(u) = -112*u**2 - 3*u - 2. Give c(-1).
-111
Let t(f) = 9*f - 285. Calculate t(31).
-6
Let a(v) = v**3 - 7*v**2 - 43*v + 289. What is a(8)?
9
Let l(v) = -v**2 + 68*v - 199. What is l(3)?
-4
Let g(c) = 2*c**2 + c - 19. What is g(0)?
-19
Let d(r) = 6*r**2 + 193*r + 31. Determine d(-32).
-1
Let a(y) = 10*y + 11. Give a(5).
61
Let v(a) = a**2 - 14*a + 33. What is v(3)?
0
Let w(c) = -c - 13. Give w(5).
-18
Let z(p) = -16*p**2 - 6*p - 6. What is z(-2)?
-58
Let g(c) = -c**2 - 3*c + 35. What is g(-6)?
17
Let w(k) = -10*k - 372. Give w(-37).
-2
Let i(d) = -d**3 - 3*d**2 + 5*d - 2. Calculate i(-4).
-6
Let m(c) = -c - 10. Give m(-3).
-7
Let q(a) = -8*a - 1. Calculate q(-1).
7
Let n(h) = h**3 + 3*h**2 - 4. Give n(-2).
0
Let y(v) = v**3 - 6*v**2 - 4. What is y(6)?
-4
Let y(o) = -39*o + 20. Calculate y(-3).
137
Let f(k) = k**3 + 25*k**2 + 25*k + 5. Give f(-24).
-19
Let m(h) = h**3 - 13*h**2 + 23*h - 12. Give m(11).
-1
Let b(v) = 2*v**2 + 14*v - 9. Determine b(-8).
7
Let g(s) = -13*s - 6